e the highest common divisor of v and 32.
4
Let c be (-9)/6 + (-6)/4. Let v(m) = 2*m**2 + 3*m. Let q be v(c). What is the greatest common factor of q and 27?
9
Suppose 475 + 445 = 10*f. What is the highest common factor of 23 and f?
23
Let q(m) = m**3 - m**2 + m + 1. Let c be q(2). Let z = 12 - c. Calculate the highest common divisor of z and 40.
5
Let o be (176/33)/(2/24). Calculate the highest common divisor of 4 and o.
4
Let l be -1 + (-3 + 2 - -2). Suppose 331 = 4*h - h - 4*i, l = 5*h + i - 521. Let k be h + 2 + 3 - -2. What is the highest common factor of k and 16?
16
Let m be 678/4 + 3/6. Calculate the highest common divisor of 10 and m.
10
Suppose 5*k + x + 8 = 3*k, 2*k + 3*x = -16. Let a(h) = -30*h - 2. Let b be a(k). Let i be (b - 2)*(0 - -1). What is the highest common factor of 8 and i?
8
Let s(q) = q + 14. Let i be s(-8). Let u be (-3 + 33/i)*2. Calculate the greatest common divisor of u and 1.
1
Suppose -5*j = 3 + 2, -4*j = -3*i + 10. Suppose f + i = -3. Let c(y) = y**3 + 8*y**2 + y + 2. Let l be c(f). Calculate the greatest common factor of l and 18.
18
Let m(f) = -f**3 - 4*f**2 + 9*f + 3. Let j be m(-6). Let c be 6/18 + 251/3. Calculate the highest common divisor of c and j.
21
Let h(m) = m**3 + m**2 - 2. Let t be h(0). Let s be -12*(t - 3/(-2)). Let j = s - -4. Calculate the greatest common divisor of j and 30.
10
Let v = -380 + 548. What is the greatest common divisor of v and 42?
42
Let n = 5 + 39. Calculate the highest common divisor of 33 and n.
11
Let u be 116/28 + 3/(-21). What is the greatest common divisor of u and 20?
4
Let l = -125 - -133. Suppose v - 6*v + 20 = 0. Calculate the greatest common factor of v and l.
4
Let x(s) = 5*s - 2. Let g be x(6). Suppose 0 = -w + 3*v - 61, v = 3*w + 58 + 149. Let h be w/(-3)*(-2 + 5). Calculate the greatest common divisor of h and g.
14
Suppose -3*s + 4*s - 2 = 0. Suppose -s*d = -4*t - 26, 4*t + 5 = -t. Let x be 110/(-1 + 6 - 3). Calculate the greatest common factor of d and x.
11
Let a be (28/(-3))/(3/(-18)). Suppose 3*h - s - 38 = 0, -s + a = 5*h + s. What is the greatest common factor of h and 36?
12
Let p(x) = 10*x**2 - 2. Let c be p(-3). Let n be 16/c - 2306/(-22). Calculate the highest common factor of n and 15.
15
Let f(m) = 4*m**2 - 5*m - 5*m**2 + 6 + 2 + 0. Let j be f(-6). Suppose -z + 0*u = -j*u - 24, 86 = 4*z + 2*u. Calculate the highest common factor of z and 2.
2
Let f = -55 - -1. Let a = f + 149. Calculate the greatest common divisor of 38 and a.
19
Let l(a) = -a**3 - 5*a**2 - 6*a - 6. Let k be l(-4). Let s = 8 - k. Calculate the greatest common divisor of s and 66.
6
Suppose -3*h = 5*i - 21, 36 = 5*h - 3*h - 4*i. Calculate the highest common divisor of h and 24.
12
Let u = 7 - 8. Let r be (-3 - (2 + u))*-2. Suppose 0 = -l - 0*l, -5*h - 5*l + 160 = 0. What is the highest common divisor of r and h?
8
Let s = -24 + 10. Let q = s + 23. Calculate the greatest common factor of q and 1.
1
Let q be 3/1 - (164 - 0)/(-4). What is the greatest common factor of q and 66?
22
Let g = -168 + 113. Let q = g - -104. What is the greatest common divisor of 7 and q?
7
Let v(i) = 1 + 0 + 4*i**3 - 2*i**2 + 0*i**3. Let h be v(1). Calculate the greatest common factor of 15 and h.
3
Let q = 36 - 9. Calculate the greatest common divisor of q and 81.
27
Let l(d) = 190*d**2 + d. Let x be l(-1). What is the highest common factor of 21 and x?
21
Let l(r) = r**3 + 4*r**2 - 6*r - 10. Let a be l(-4). Calculate the greatest common factor of 7 and a.
7
Suppose -4*p + 2*p - 2*v + 56 = 0, 4*v = 4*p - 152. Let a be 12/(-9) + (-350)/(-15). What is the greatest common divisor of p and a?
11
Let t = 22 + -16. Calculate the greatest common factor of 66 and t.
6
Suppose -3 = g + 2. Let d be (2/g)/(4/(-80)). What is the greatest common divisor of d and 1?
1
Let o be (-8)/(-3) + -3 - (-570)/9. What is the highest common factor of o and 42?
21
Suppose -5*c + p = -50, 1 + 25 = c + 3*p. What is the greatest common factor of 121 and c?
11
Suppose 0 = -7*i + 61 - 12. Let c be 4/3 + 1/(-3). Calculate the greatest common factor of i and c.
1
Let a be (8/10)/((-3)/15). Let h = 9 + a. Suppose -p - 10 = -2*x - h*p, 0 = -p + 1. Calculate the highest common factor of 24 and x.
3
Let t(m) = 2*m**2 + 2*m - 1. Let d be t(-2). Let i be 2/4*12/d. Suppose 24 = i*c + c. Calculate the greatest common divisor of 8 and c.
8
Let g be (-2 - -5) + 10/(-2) + 42. What is the highest common factor of 60 and g?
20
Suppose 6*i = 2*i + 68. Suppose m + m + 4*r - 12 = 0, r = 2*m - i. Suppose 4*j + 4*a = -m, -a - 25 = 4*a. Calculate the highest common divisor of 27 and j.
3
Let c = 7 + -3. Suppose -2*j + 460 = 5*w, -3*w + c*j + 251 - 1 = 0. Calculate the greatest common divisor of 10 and w.
10
Suppose 3*p - 8*p = -90. What is the highest common factor of p and 126?
18
Let u(i) = i**2 - 21*i - 13. Let n be u(23). Calculate the greatest common factor of 3 and n.
3
Let n be (0/(-1) - 1) + 19. Let z be 27/3 - (-6 - -6). What is the greatest common divisor of n and z?
9
Suppose -3*z + 2 = -2*z. Let r be ((-78)/(-4))/(z/(-24)). Let k = -117 - r. What is the greatest common divisor of 13 and k?
13
Suppose 2*l - 36 = l. Suppose 4 = 2*x - 6. Suppose -2*f - 2*p = -x*p - 33, 0 = f + 4*p - 44. Calculate the greatest common factor of f and l.
12
Suppose -8*p + 4*x = -5*p - 47, x = -2*p + 24. Calculate the highest common divisor of p and 91.
13
Let j(m) = 2*m**3 - 2*m - 1. Let o be j(2). Suppose -8*p = -4*p - 220. Suppose -p = -h - 0*h. Calculate the greatest common divisor of h and o.
11
Let l be ((-10)/4)/((3 - -1)/(-104)). Calculate the highest common factor of 5 and l.
5
Let l be (-2)/(-5) - (-290)/25. Calculate the greatest common divisor of 48 and l.
12
Let t(q) = 3*q**3 - 4*q**2 + 6*q - 28. Let b be t(4). Calculate the highest common divisor of b and 62.
62
Let v = 0 - -5. Suppose 3*g - v*g + 18 = 0. Calculate the greatest common divisor of 3 and g.
3
Let y(r) = -r**3 + 8*r**2 + r - 4. Let k be y(8). Calculate the highest common factor of 4 and k.
4
Let s(b) = -b**2 + 7*b + 7. Let x be s(7). Calculate the greatest common divisor of x and 28.
7
Suppose g - 6*g + 90 = 0. Suppose 3*c + 5*s - 1 = 0, -3 = -5*c + c - 5*s. Let i be -18*-1*3/c. What is the greatest common divisor of g and i?
9
Let x = 492 - 209. Let a = x + -166. Let m = -6 + 19. Calculate the greatest common divisor of a and m.
13
Let h = -17 + 19. Suppose -q - 2*q + h*a = -148, -4*q = 5*a - 228. What is the highest common divisor of 26 and q?
26
Suppose 4*t = -2*z - 8, 3*z + 4*t + 12 = 4. Let u be 4/(2 - z) - -1. What is the highest common divisor of u and 15?
3
Suppose 4*r + 51 = 147. Calculate the greatest common divisor of r and 8.
8
Let x = 8 + -3. Suppose x*f = 3*f + 2. Let q be (f*-1)/((-2)/12). Calculate the greatest common divisor of q and 4.
2
Let z = 904 + -614. Calculate the highest common divisor of 58 and z.
58
Suppose 3*x - 6*x = -363. What is the highest common factor of 11 and x?
11
Let s(o) = -2*o**3 - 6*o**2 - 7*o - 6. Let p = -4 + 0. Let n be s(p). What is the greatest common divisor of 6 and n?
6
Let g(h) = h + h + 7*h. Let k be g(4). Let f = -14 + 23. Calculate the greatest common divisor of f and k.
9
Let g be (-10)/(-25) + 2156/10. Suppose c + g = 3*b, -3*c - 2*b = -2*c + 191. Let d be 2/(-8) - c/4. Calculate the highest common divisor of 10 and d.
10
Let f = -7 + 9. Suppose -f*v - 3*u + 6 + 9 = 0, -2*v + 21 = 5*u. Let z(x) = x**2 - 2*x - 3. Let t be z(-3). What is the highest common divisor of v and t?
3
Let o = 40 + 92. What is the highest common divisor of 12 and o?
12
Let s = 17 + -15. Suppose 0 = 4*g + 4*u - 32, u - 2 = 3. Suppose -5*h - d = -271, 0 = -s*h - g*h + d + 279. What is the greatest common divisor of h and 22?
11
Let c(s) = -s**3 + 8*s**2 - 3*s - 6. Let o be c(5). Calculate the greatest common divisor of 6 and o.
6
Suppose -u - 3*h = 0, -2*h = -3*u - 5*h + 6. Calculate the highest common divisor of 15 and u.
3
Let j = 10 + -4. Let w = 10 + -7. Suppose 2*k + 48 = w*k. What is the greatest common divisor of k and j?
6
Suppose 3*a - 95 = -2*a. Suppose -3*y - 456 = -6*y. What is the highest common factor of a and y?
19
Let n be (1/(-3) + 3)/((-4)/(-24)). What is the greatest common factor of n and 32?
16
Suppose c + 360 = 4*c. What is the greatest com